ose 5*o + 3*d = 898, -181 = 7*o - 8*o - 2*d. Let z = -64 + o. Calculate the remainder when z is divided by 30.
25
Suppose 0 = -3093*s + 3099*s - 444. Let i = s - 59. What is the remainder when 77 is divided by i?
2
Let l(r) = 6*r - 4. Let v be l(2). Suppose -27 = w + v*w. Let n(g) = -22*g + 5. Calculate the remainder when n(w) is divided by 37.
34
Let j(d) = d**3 - 27*d**2 + 27*d + 64. Calculate the remainder when j(26) is divided by ((-190)/30)/((-2)/6).
14
Let d(i) = 5*i**2 - 91*i + 21. Let h be d(18). Suppose 4 = 2*a, -4*a = h*m + 143 - 526. What is the remainder when m is divided by 24?
5
Calculate the remainder when -1*(-4)/(-3*4) + (-3256)/(-12) is divided by 31.
23
Let x(j) = j**2 + 38*j + 76. Let v be x(-38). Let f(o) = 2*o**2 + 2. Let k be f(2). Suppose 6 - v = -k*z. Calculate the remainder when 41 is divided by z.
6
Suppose -6*n + 57 = 39, -3*n + 139 = 2*w. What is the remainder when 704 is divided by w?
54
Suppose 287*h - 112 = 283*h. Let l(j) = -22*j - 3. Suppose -4*f - 40 = 4*x, -15 = -2*f + 5*x - 0*x. What is the remainder when l(f) is divided by h?
23
Let b be (-1 + 1)/(60/(-20)). Suppose b = -19*p + 7*p + 120. Calculate the remainder when 57 is divided by p.
7
Let k(g) = g**2 + 12*g + 14. Let d be (-36)/54*(-33)/(-2). Let b be k(d). What is the remainder when 35 is divided by 13 + (-4 - (0 - b))?
11
Let a = -9 + -6. Let n be (-6)/15 + (-96)/a. Suppose -35 = n*k - 7*k. What is the remainder when k is divided by 13?
9
Suppose -2*l + 1065 = -3*x, 8*l - 13*l + 2*x = -2657. Suppose -2*u + 191 = -5*z - 9, 0 = -5*u - 3*z + l. What is the remainder when u is divided by 12?
9
Let a(j) = -159*j - 244. What is the remainder when a(-9) is divided by 9?
8
Let k = 264 - 245. Let p = 75 - k. What is the remainder when 165 is divided by p?
53
Let k be 6/(-39) + 848/104. Suppose -4*o = -20, p = -2*o + k + 17. Let m(x) = 4*x - 35. What is the remainder when m(p) is divided by 4?
1
Let x = 3173 - 3158. What is the remainder when 809 is divided by x?
14
Suppose 62*c - 552 = 38*c. Suppose 0 = -c*t - 97 + 1868. Calculate the remainder when 536 is divided by t.
74
Let n(f) = -f**3 + 31*f**2 + 5*f - 2. Let u be n(31). Calculate the remainder when (17/(u/27))/((-3)/(-88)) is divided by 33.
22
Suppose 3*d + 2*l = 5*l + 1419, 4 = -l. What is the remainder when d is divided by 80?
69
Let t = -5 + 12. Let w be (-14)/(-21)*(-243)/(-18). Suppose w*q - 85 + 40 = 0. What is the remainder when t is divided by q?
2
Suppose -3*w + 16 = -17. Let n = w - -51. Suppose n = 5*i - 28. What is the remainder when i is divided by 5?
3
Calculate the remainder when 17708 is divided by (-1)/24 - (-167313)/3096.
50
Let v be 151*-1 + (58 - 58). Let l = 154 + v. What is the remainder when 28 is divided by l?
1
Suppose 5*m = 3*w + 260, 5*m = 27*w - 23*w + 260. Calculate the remainder when 212 is divided by m.
4
Let r(h) = -3*h + 11. Let s(n) = n**3 - 4*n**2 + 12*n + 16. Calculate the remainder when s(5) is divided by r(-5).
23
Suppose 2*b - 4*w = 46, 4*b + 22*w = 24*w + 128. What is the remainder when 40*(6/16)/((-4)/(-16)) is divided by b?
25
Let c = 1297 - 1297. Let u(p) = p**2 + 4*p + 3. Let y be u(-2). What is the remainder when 45 is divided by c/(-15) - 1*(-12 + y)?
6
Let i = 7735 - 7660. Calculate the remainder when 1123 is divided by i.
73
Let q(y) = -74*y - 93. What is the remainder when q(-22) is divided by 18?
5
Let n(v) = 18*v - 1. Suppose -37*d = -331 - 113. Calculate the remainder when n(2) is divided by d.
11
Let q be (715/(-26))/(5/(-4)). What is the remainder when -5 + 3 + 2 + q is divided by 4?
2
Let m(o) = -94*o + 4141. What is the remainder when m(12) is divided by 8?
5
Let j = -1181 - -2435. Suppose 13*l = 7*l + j. What is the remainder when l is divided by 15?
14
Suppose -2*d = 10, 5*p + 27 = 4*d + 862. Suppose 12*k = p + 557. Suppose y - 2*y + 21 = m, 63 = 3*m + 2*y. Calculate the remainder when k is divided by m.
18
Let t = 1337 - 1251. What is the remainder when 171 is divided by t?
85
Let h = 70 - 63. Suppose 9*w - 64 = h*w. Let u = -8 - -17. What is the remainder when w is divided by u?
5
Calculate the remainder when (18/(-27) - 3/(-3))/((-3)/(-1341)) is divided by 73.
3
Let v = -11608 - -11638. Let o(d) = -d + 58. What is the remainder when o(0) is divided by v?
28
Let m be ((-6)/(-7))/((-2)/84). Calculate the remainder when (-3 + m/(-8))/((-3)/(-280)) is divided by 24.
20
Let h(j) = -257*j - 43. Let r be h(-6). Suppose 10*b - r = 441. Suppose -191*f + b*f = 33. Calculate the remainder when 43 is divided by f.
10
Let h(p) = p**2 - 126*p - 552. What is the remainder when 2981 is divided by h(-5)?
97
Let v = -1936 - -2162. What is the remainder when v is divided by 67?
25
Suppose -2*z - 2*f - 63 + 151 = 0, 205 = 5*z + 2*f. Let b = 102 - z. What is the remainder when b is divided by (6 - 2)/(2/8)?
15
Calculate the remainder when ((-3)/(-4)*2/(-6))/(49/(-344764)) is divided by 583.
10
Suppose -15*n + 142 = 5677. Let k = 405 + n. Calculate the remainder when k is divided by 25.
11
Let a(o) = -9*o**3 - 2*o**2 + 2*o + 2. Suppose 15*c - 6*c - 14580 = 0. What is the remainder when a(-2) is divided by (-4)/10 - 23/((-1150)/c)?
30
Let l(n) = 14*n**2 + 3*n + 1. Let g = 195545 + -195399. Calculate the remainder when g is divided by l(-2).
44
Suppose o - 4*u - 78 + 18 = 0, 0 = -2*o - 5*u + 172. Calculate the remainder when 212 is divided by o.
60
Let o = -4658 + 4685. Calculate the remainder when 726 is divided by o.
24
Suppose 0 = 5*p - 5*q - 0*q - 10, -3*q = -p. Suppose 4*u - k + 6*k - 179 = 0, -137 = -p*u - k. Calculate the remainder when u is divided by 6.
4
Suppose 3*c + 0 + 3 = -i, -2 = 2*c. Suppose u - m - 81 = -i*m, -5*m = -10. What is the remainder when u is divided by 6?
5
Let l be (-4)/40*-2*-5. Let p(w) = -6*w**3 + 3*w**2 + 3*w + 1. Let n be p(l). Suppose q + n = 34. What is the remainder when 132 is divided by q?
24
Suppose 3*d + 49 + 83 = 4*y, y + d - 40 = 0. What is the remainder when (-1080)/(-81)*(-63)/42 + 90 is divided by y?
34
Suppose -c + 134 = 2*p, -p - 27 = -5*c - 72. Calculate the remainder when p is divided by 3 - 90/(9/(-3)).
32
Let l = -3740 + 4384. Calculate the remainder when l is divided by 24.
20
Suppose -4*d = h - 10, 0*d + 4*d = 4. Suppose 0 = -2*o - 0 + h. Calculate the remainder when ((-6)/(-12))/(1/12) is divided by o.
0
Suppose -4*k + 5 = -3*k + 5*z, k = -z + 1. Suppose -2*l - 3*x + 84 = 0, 2*l - 2*x - 104 = -k*x. Calculate the remainder when 150 is divided by l.
6
What is the remainder when 280 is divided by 814/(-222)*(-417)/11?
2
Let z(s) = -s**2 - 13*s - 32. Let d be z(-16). Let o be (-1606)/(-18) - (d/(-36) + -2). Let q = 104 - o. What is the remainder when 103 is divided by q?
13
Let f = -2984 + 3118. What is the remainder when 3215 is divided by f?
133
Let j(x) = 67*x + 1. Let b be j(1). Let m = 133 - b. What is the remainder when m is divided by 14?
9
Suppose -3*d = -89 - 88. Let b = d - 50. Let c(m) = -7*m + 36. Calculate the remainder when c(3) is divided by b.
6
Suppose 0 = 71882*k - 71864*k - 990. Calculate the remainder when 2251 is divided by k.
51
Let n(w) = -w**3 + w**2 + 216. Let x be n(0). Let v = x - 365. Let d = 216 + v. What is the remainder when d is divided by 14?
11
Calculate the remainder when 11 - (-120)/(-12) - (-156 + -1) is divided by 3 + (-1 - 0) + 80.
76
Let w = -937 - -3827. Calculate the remainder when w is divided by 49.
48
Let p(h) = h**2 - 2*h - 9. Let j be 2 - 1*(5 + -3). Suppose -25*l + 26*l + 7 = j. What is the remainder when p(l) is divided by 19?
16
Suppose -3*z - 1695 = -5*f - 6*z, 5*f = -4*z + 1700. Suppose 7*s - f = -s. Calculate the remainder when 375 is divided by s.
39
What is the remainder when (-111)/111 - (-936 - (-3 - -3)) is divided by 47?
42
Suppose -896 = -4*s - 4*f, 4*s + f - 912 = 5*f. Let v = s + -165. Calculate the remainder when v is divided by 7.
5
Let i(r) = -3*r - 65. Let f(s) = -5*s - 35. Let t be f(-2). Calculate the remainder when 177 is divided by i(t).
7
Suppose 3*n - 8*j + 12*j - 907 = 0, -3*j + 12 = 0. Suppose 5*f - 4*d = n, 5*d - 13 = -3. Calculate the remainder when 113 is divided by f.
52
Suppose 169*y - 25876 = 1671. Calculate the remainder when 548 is divided by y.
59
Suppose 64*y = 3190 + 1098. What is the remainder when y is divided by (-12)/2*5/(-2